t the prime factors of y.
2, 1303
Let g = 4229 + -2336. List the prime factors of g.
3, 631
Suppose 4*r + 89 = 5. Let b = 24 + r. List the prime factors of b.
3
Suppose -8387 = -2*i + 5*p, -143*i + 140*i = p - 12538. List the prime factors of i.
37, 113
Let a(b) = 4*b + 11. Let g(h) = 3*h + 11. Let x(w) = -w**3 - 6*w**2 - 6*w - 7. Let t be x(-5). Let o(l) = t*g(l) + 3*a(l). List the prime factors of o(5).
41
Suppose -40*j = -38504 - 141456. List the prime factors of j.
11, 409
Let g be (15/(-10))/((-6)/(-8)). What are the prime factors of 7/(g - 486/(-240))?
2, 5, 7
Let b be ((1 - 354) + -1)/(-1). Suppose b = 2*t + t. List the prime factors of t.
2, 59
Suppose 51*v - 23018 = 16711. List the prime factors of v.
19, 41
Let n = -14 + 16. Suppose n*y - 37 = 5*j, -j + 0*j + 7 = -4*y. Let f(v) = -2*v - 8. What are the prime factors of f(j)?
2, 5
Suppose 3*v - 4440 = -3*r, -3*v - 24*r + 20*r = -4437. What are the prime factors of v?
1483
Suppose -16*x + 6475 = -13077. List the prime factors of x.
2, 13, 47
Suppose 0 = -5*y - 3*b - 3 + 22, -y + 5*b = 13. Suppose y*a + 0*a = 4. What are the prime factors of a?
2
List the prime factors of -4 - 6045*(-12)/18.
2, 3, 11, 61
Let u = 41 + 217. List the prime factors of u.
2, 3, 43
Let a be 7/(28/12)*223. What are the prime factors of a*-2*1/(-6)?
223
Suppose -13*s + 12*s + 79 = 0. List the prime factors of s.
79
Let o = 106 - 104. Suppose o*n + n = 549. What are the prime factors of n?
3, 61
Let v(b) be the first derivative of -b**4/2 + 2*b**3/3 - b + 4. Let z be v(-1). Suppose 3*d = -f + 31, -46 = -z*f + 2*d + 47. What are the prime factors of f?
31
Suppose 107 = -3*p + 2*p. Let t = p - -247. What are the prime factors of t?
2, 5, 7
Let s = -7 - -9. Let z(c) = c**2 + 9*c + 6. Let o be z(-8). What are the prime factors of 9 - 2/o*s?
11
Suppose 28*o - 12660 = 8*o. List the prime factors of o.
3, 211
Suppose 2 + 2 = 4*a, 0 = -3*g + 4*a + 3179. What are the prime factors of g?
1061
Let q be 2 - 2*(-251)/2. Let s = 365 - q. What are the prime factors of s?
2, 7
Suppose -98 - 32 = 13*m. Let v(r) = -r**3 - r**2 - 21. Let b be v(0). Let k = m - b. List the prime factors of k.
11
What are the prime factors of ((-132)/(-88))/((-1)/((-20)/2))?
3, 5
List the prime factors of 4578 - (12/((-12)/2) - -4).
2, 11, 13
What are the prime factors of 1067*1 + (-120)/20?
1061
Suppose -3*z + 9 = 3*q, 0 = -2*z + 2*q - 0*q + 2. Suppose 0 = -z*x - 3*x + 20. Suppose -x*t = d - t + 3, -3*d + 3*t + 51 = 0. What are the prime factors of d?
2, 3
Suppose 2*h - 98 = 4*o, 4*o - 4*h + 89 = h. Let f = o + 36. What are the prime factors of f?
2, 5
Suppose -c + 16 = -4*g, 2*g = 5*c - 0*g - 26. Suppose -5*b - 7 - 2 = 2*h, 0 = -4*h - 4*b - 12. Let q = c - h. What are the prime factors of q?
2, 3
Suppose 1 - 41 = -10*k. Suppose -5*a - 367 = -0*d - 3*d, 498 = k*d + 2*a. What are the prime factors of d?
2, 31
Let g(d) = 436*d**2 + 17*d + 5. What are the prime factors of g(-2)?
5, 7
Let y be (-12)/126*-7*6/(-4). Let z = -3 - 1. What are the prime factors of 8/(z/y) + 40?
2, 3, 7
Suppose -11*f + 5578 + 472 = 0. List the prime factors of f.
2, 5, 11
Let r(i) = 26 - 24*i - 1 - 9 + 36. List the prime factors of r(-10).
2, 73
Let k(w) = -w**3 - 9*w**2 + 2*w + 2. Let c be k(-8). Let y = c + 208. What are the prime factors of y?
2, 5, 13
Let j(x) = -110*x + 6. Let u(n) = -n. Let i(b) = j(b) + 5*u(b). What are the prime factors of i(-1)?
11
Let h be (-1039)/(-6) + (-5)/30. Let d = 81 - h. List the prime factors of (3/(-6))/(1/d).
2, 23
Let b = 8 + -12. What are the prime factors of 11 + -6*b/(-6)?
7
Suppose d - 14 = r, 4*d + 2*r + 0*r - 74 = 0. Let g = d + -20. List the prime factors of g/2*(-1 + -1).
3
Suppose -4*f = 4*m - 6458 + 1506, -3*m = 4*f - 3714. List the prime factors of m.
2, 619
Let q(p) = -p**2 + p**3 - 5 + 7 - 3*p + p. Let f be q(2). Suppose f*s - 20 = 3*g + 8, 5*s - 70 = g. List the prime factors of s.
2, 7
What are the prime factors of 3/(3/2) + (-21484)/(-41)?
2, 263
Let p = -1716 - -2791. What are the prime factors of p?
5, 43
Let h(p) be the second derivative of -p**3/3 + 62*p**2 + 16*p. List the prime factors of h(0).
2, 31
Suppose 3389 = 36*p - 751. What are the prime factors of p?
5, 23
Let n = 22 - -2. Suppose n - 6 = 6*g. Let a = 11 + g. What are the prime factors of a?
2, 7
Let l = -20 - -23. Let z(x) = x**2 - 2*x - 1. Let u be z(l). Suppose 69 = 3*r + y, -126 = -u*r - 3*r + 2*y. List the prime factors of r.
2, 3
Suppose n - 3 = -0*n. Suppose -6 = n*t - 54. What are the prime factors of t + (0 + 2 - -1)?
19
Let k(o) = -o**2 - 3*o + 475. What are the prime factors of k(0)?
5, 19
Let w be ((-10)/(-35))/(3/((-42)/(-4))). List the prime factors of w*2 + (1 - (3 + -12)).
2, 3
Let d(r) = 6*r**3 - 5*r**2 + 30*r - 4. List the prime factors of d(4).
2, 3, 5, 7
Let k(b) = b**2 - 4*b + 3. Let y be k(3). Let d = y - -2. Suppose 19 = d*n - 37. List the prime factors of n.
2, 7
Suppose -2*m - 1746 = -4*f, 3*m + 934 = 2*f + 63. List the prime factors of f.
19, 23
Let q be (-2)/(-1*(-2)/(-73)). Suppose -q = 2*b - 3*b. Suppose 2*m + 42 = 3*k, -4*k + 2*m + b = 5*m. List the prime factors of k.
2
Let y(p) = -6*p - 2*p + 0*p - p**2 + 10 - 1. Let q be y(-8). Let z = q + 16. What are the prime factors of z?
5
Let d(w) = -w**2 + 17*w - 13. Let j be d(14). Let u = j - -7. Suppose 5*r - 15 = 0, 0*y = -2*y - 4*r + u. List the prime factors of y.
2, 3
Let r(m) = 53*m**3 + m**2 - 3*m + 6. What are the prime factors of r(3)?
3, 479
Suppose -a = -y + 113, 0 = 2*y + y - a - 329. Suppose -y - 24 = -z - 4*c, 4*c - 492 = -4*z. What are the prime factors of z?
2, 3, 5
Let j(f) = -6*f - 1. Let z be j(2). Let l(u) = -2*u + 33. What are the prime factors of l(z)?
59
Suppose -7*j + 1264 = -2670. What are the prime factors of j?
2, 281
Suppose -3*l + 1214 = -2983. List the prime factors of l.
1399
Suppose -5*m - 25 = -2*i, -3*i = i + 3*m + 15. Suppose -6*d + 66 + 192 = i. List the prime factors of d.
43
Let k = 108 + -103. Suppose 5*c + 4*y - 1216 = 2*y, c - 227 = k*y. List the prime factors of c.
2, 11
Suppose -u = -m + 2, 5*m + 0*u - 3*u - 12 = 0. Suppose m*y - 5 = 5*v + 16, 4*y + 2*v = 28. Suppose 0 = y*r - 59 - 389. What are the prime factors of r?
2
Let z be (1000/6 - 2) + (-10)/15. Suppose 164 + z = 4*k. List the prime factors of k.
2, 41
Let q(u) = 1 - 11*u**2 - 13*u - 3*u + u**3 + 3*u + 17. Let g be q(12). What are the prime factors of (-8)/g*(-102)/4?
2, 17
Suppose 0*p = 6*p - 24. Suppose g - 95 = -3*k, 5*g + 4 = p*g. What are the prime factors of k?
3, 11
Let c be 4 - (3 + 2) - -9. Suppose -2*m = c*m - 2740. List the prime factors of m.
2, 137
Suppose 0 = -2*i + 5*w + 944, -i - w = -3*i + 952. What are the prime factors of i?
3, 53
Suppose -2*i = i - 5*x - 7, -3*i - 5*x + 17 = 0. Suppose -7*q + i*q + 213 = 0. What are the prime factors of q?
71
Let i be ((-9)/(-4))/(24/64). Suppose -i*u = u - 700. List the prime factors of u.
2, 5
Suppose 2*k - 21 = 3*v, 2*k - v = -2*k + 17. Suppose -6*m + 1395 = k*m. List the prime factors of m.
5, 31
Let p(a) = 2*a**2 + 14*a + 25. Let n(k) = 2*k**2 + 14*k + 24. Let g(t) = 5*n(t) - 4*p(t). List the prime factors of g(-13).
2, 11
Let r be (-5)/25 - (-33)/15. Suppose -3*c = -r*x + 60 + 48, -3*x + 136 = 2*c. What are the prime factors of x?
2, 3
Let z = -787 + 1783. What are the prime factors of z?
2, 3, 83
Let q be (-22)/(-165) - 4/30. Let x(u) be the second derivative of -u**5/20 - u**4/12 - u**3/6 + 22*u**2 - 8*u. What are the prime factors of x(q)?
2, 11
Let f(h) = 11*h**2 - 2*h - 1. Let c(u) = u**3 - 11*u**2 + 9*u + 9. Let a be c(10). Let m be f(a). What are the prime factors of 3/m - (-139)/4?
5, 7
Let p(f) = 11*f**2 + 8*f + 5. What are the prime factors of p(4)?
3, 71
Let c(i) = i**3 + 3*i**2 - 6*i - 6. Let h be c(-4). Let t = h - -79. Let a = 133 - t. What are the prime factors of a?
2, 13
Let y be (-2)/(-6) - 11/(-3). Suppose -z - 3*z = y*u - 104, 3*z = 5*u - 98. Suppose -k = -w - 2*w - u, -w = 4. What are the prime factors of k?
2, 5
Let o(k) = -k**2 + 19*k - 15. Let n be o(16). Let s = 42 - n. What are the prime factors of s?
3
Suppose -87*w - 288 = -89*w. What are the prime factors of w?
2, 3
Let k(y) = y**2 - 34*y - 192. List the prime factors of k(-17).
3, 5
Let z be -54 - (-4 - (-2 + -2)). Let g = z + 129. List 